{"id":37862,"date":"2025-06-02T02:47:55","date_gmt":"2025-06-02T02:47:55","guid":{"rendered":"https:\/\/hobbymk.com\/?post_type=product&#038;p=37862"},"modified":"2025-06-07T02:51:12","modified_gmt":"2025-06-07T02:51:12","slug":"cobalt-blue-metallic","status":"publish","type":"product","link":"https:\/\/hobbymk.com\/index.php\/product\/cobalt-blue-metallic\/","title":{"rendered":"COBALT BLUE \u2013 METALLIC"},"content":{"rendered":"<p class=\"p1\"><span class=\"s1\">La gama contiene una selecci\u00f3n de tonos met\u00e1licos que contienen pigmentaci\u00f3n ultrafina y un acabado intro y suave. Idenfiticados por las etiquetas que contienen un c\u00edrculo\u00a0azul oscuro.<\/span><\/p>\n<ul class=\"ul1\">\n<li class=\"li2\"><span class=\"s1\">Se presenta en envases de 17ml.<\/span><\/li>\n<li><img loading=\"lazy\" decoding=\"async\" class=\"alignnone size-medium wp-image-37864\" src=\"https:\/\/hobbymk.com\/wp-content\/uploads\/2025\/06\/AK11201_BOTE-300x300.jpg\" alt=\"\" width=\"300\" height=\"300\" srcset=\"https:\/\/hobbymk.com\/wp-content\/uploads\/2025\/06\/AK11201_BOTE-300x300.jpg 300w, https:\/\/hobbymk.com\/wp-content\/uploads\/2025\/06\/AK11201_BOTE-1024x1024.jpg 1024w, https:\/\/hobbymk.com\/wp-content\/uploads\/2025\/06\/AK11201_BOTE-150x150.jpg 150w, https:\/\/hobbymk.com\/wp-content\/uploads\/2025\/06\/AK11201_BOTE-768x768.jpg 768w, https:\/\/hobbymk.com\/wp-content\/uploads\/2025\/06\/AK11201_BOTE-700x700.jpg 700w, https:\/\/hobbymk.com\/wp-content\/uploads\/2025\/06\/AK11201_BOTE-200x200.jpg 200w, https:\/\/hobbymk.com\/wp-content\/uploads\/2025\/06\/AK11201_BOTE.jpg 1200w\" sizes=\"auto, (max-width: 300px) 100vw, 300px\" \/><\/li>\n<\/ul>\n","protected":false},"excerpt":{"rendered":"<h1 class=\"product_title entry-title\">COBALT BLUE \u2013 METALLIC<\/h1>\n<h1 class=\"product_title entry-title\"><\/h1>\n<h1 class=\"product_title entry-title\"><\/h1>\n<p><img loading=\"lazy\" decoding=\"async\" class=\"size-full wp-image-37353 alignleft\" src=\"https:\/\/hobbymk.com\/wp-content\/uploads\/2025\/05\/3rd.png\" alt=\"\" width=\"196\" height=\"192\" \/><\/p>\n<p>&nbsp;<\/p>\n","protected":false},"featured_media":37863,"comment_status":"open","ping_status":"closed","template":"","meta":[],"product_brand":[253],"product_cat":[225,216],"product_tag":[240,241],"class_list":{"0":"post-37862","1":"product","2":"type-product","3":"status-publish","4":"has-post-thumbnail","6":"product_brand-ak-interactive","7":"product_cat-ak","8":"product_cat-pintura","9":"product_tag-acrilica","10":"product_tag-pintura","11":"description-off","13":"first","14":"instock","15":"taxable","16":"shipping-taxable","17":"purchasable","18":"product-type-simple"},"_links":{"self":[{"href":"https:\/\/hobbymk.com\/index.php\/wp-json\/wp\/v2\/product\/37862","targetHints":{"allow":["GET"]}}],"collection":[{"href":"https:\/\/hobbymk.com\/index.php\/wp-json\/wp\/v2\/product"}],"about":[{"href":"https:\/\/hobbymk.com\/index.php\/wp-json\/wp\/v2\/types\/product"}],"replies":[{"embeddable":true,"href":"https:\/\/hobbymk.com\/index.php\/wp-json\/wp\/v2\/comments?post=37862"}],"wp:featuredmedia":[{"embeddable":true,"href":"https:\/\/hobbymk.com\/index.php\/wp-json\/wp\/v2\/media\/37863"}],"wp:attachment":[{"href":"https:\/\/hobbymk.com\/index.php\/wp-json\/wp\/v2\/media?parent=37862"}],"wp:term":[{"taxonomy":"product_brand","embeddable":true,"href":"https:\/\/hobbymk.com\/index.php\/wp-json\/wp\/v2\/product_brand?post=37862"},{"taxonomy":"product_cat","embeddable":true,"href":"https:\/\/hobbymk.com\/index.php\/wp-json\/wp\/v2\/product_cat?post=37862"},{"taxonomy":"product_tag","embeddable":true,"href":"https:\/\/hobbymk.com\/index.php\/wp-json\/wp\/v2\/product_tag?post=37862"}],"curies":[{"name":"wp","href":"https:\/\/api.w.org\/{rel}","templated":true}]}}